{"id":58,"date":"2018-11-21T16:23:21","date_gmt":"2018-11-21T15:23:21","guid":{"rendered":"http:\/\/dottorati.unica.it\/dotticar\/?page_id=58"},"modified":"2018-11-21T16:23:42","modified_gmt":"2018-11-21T15:23:42","slug":"corsi-e-seminari-2015","status":"publish","type":"page","link":"https:\/\/dottorati.unica.it\/dotticar\/didattica\/corsi-e-seminari-2015\/","title":{"rendered":"Corsi e seminari 2015"},"content":{"rendered":"<p><i>Corsi obbligatori<\/i><\/p>\n<table border=\"0\" cellspacing=\"0\" cellpadding=\"5\">\n<tbody>\n<tr>\n<td align=\"center\" bgcolor=\"#FF9966\" height=\"14\"><em>Data<\/em><\/td>\n<td align=\"center\" bgcolor=\"#FF9966\" height=\"14\"><em>Docente\/i<\/em><\/td>\n<td align=\"center\" bgcolor=\"#FF9966\" height=\"14\"><em>Titolo<\/em><\/td>\n<td align=\"center\" bgcolor=\"#FF9966\" height=\"14\"><em>Durata<\/em><\/td>\n<td align=\"center\" bgcolor=\"#FF9966\" height=\"14\"><em>CFU<\/em><\/td>\n<td align=\"center\" bgcolor=\"#FF9966\" height=\"14\"><em>Link web e materiale<\/em><\/td>\n<td align=\"center\" bgcolor=\"#FF9966\" height=\"14\"><em>Aula<\/em><\/td>\n<td align=\"center\" bgcolor=\"#FF9966\" height=\"14\"><em>Note<\/em><\/td>\n<\/tr>\n<tr>\n<td align=\"center\" bgcolor=\"#FFCC99\"><span style=\"font-family: Helvetica, Arial, sans-serif\">11, 16, 21, 22<\/span>\u00a0Settembre 2015<\/td>\n<td align=\"center\" bgcolor=\"#FFCC99\">Prof. Michele Campagna<\/td>\n<td align=\"center\" bgcolor=\"#FFCC99\">GIS Science<\/td>\n<td align=\"center\" bgcolor=\"#FFCC99\">20 ore<\/td>\n<td align=\"center\" bgcolor=\"#FFCC99\">4<\/td>\n<td align=\"center\" bgcolor=\"#FFCC99\">&#8211;<\/td>\n<td align=\"center\" bgcolor=\"#FFCC99\">&#8211;<\/td>\n<td align=\"center\" bgcolor=\"#FFCC99\">orario da definire\u00a0 (probabilmente 9-14)<\/td>\n<\/tr>\n<\/tbody>\n<\/table>\n<p>&nbsp;<\/p>\n<p><i>Corsi e seminari a scelta<\/i><\/p>\n<table border=\"0\" cellspacing=\"0\" cellpadding=\"5\">\n<tbody>\n<tr>\n<td align=\"center\" bgcolor=\"#FF9966\" height=\"14\"><em>Data<\/em><\/td>\n<td align=\"center\" bgcolor=\"#FF9966\" height=\"14\"><em>Docente\/i<\/em><\/td>\n<td align=\"center\" bgcolor=\"#FF9966\" height=\"14\"><em>Titolo<\/em><\/td>\n<td align=\"center\" bgcolor=\"#FF9966\" height=\"14\"><em>Durata<\/em><\/td>\n<td align=\"center\" bgcolor=\"#FF9966\" height=\"14\"><em>CFU<\/em><\/td>\n<td align=\"center\" bgcolor=\"#FF9966\" height=\"14\"><em>Link web e materiale<\/em><\/td>\n<td align=\"center\" bgcolor=\"#FF9966\" height=\"14\"><em>Aula<\/em><\/td>\n<td align=\"center\" bgcolor=\"#FF9966\" height=\"14\"><em>Note<\/em><\/td>\n<\/tr>\n<tr>\n<td align=\"center\" bgcolor=\"#FFCC99\">19-26 Gennaio 2015<\/td>\n<td align=\"center\" bgcolor=\"#FFCC99\">Prof. Corrado Zoppi<\/td>\n<td align=\"center\" bgcolor=\"#FFCC99\">Laboratorio su &#8220;La Valutazione ambientale strategica dei Piani urbanistici comunali in adeguamento al Piano paesaggistico regionale&#8221;<\/td>\n<td align=\"center\" bgcolor=\"#FFCC99\">50 ore in Aula pi\u00f9 25 ore circa di lavoro individuale<\/td>\n<td align=\"center\" bgcolor=\"#FFCC99\">8<\/td>\n<td align=\"center\" bgcolor=\"#FFCC99\"><\/td>\n<td align=\"center\" bgcolor=\"#FFCC99\"><\/td>\n<td align=\"center\" bgcolor=\"#FFCC99\">19-22 Gennaio: ore 9:00 \u2013 19:00; 23 e 26 Gennaio: ore 9.00-14.00<\/td>\n<\/tr>\n<tr>\n<td align=\"center\" bgcolor=\"#FFCC99\">27 marzo 2015<\/td>\n<td align=\"center\" bgcolor=\"#FFCC99\">Prof.Juhani Pallasmaa<\/td>\n<td align=\"center\" bgcolor=\"#FFCC99\">Lectio Magistralis<br \/>\n\u201cVOICES OF SILENCE. SPACE OF TRANQUILITY\u201d<\/td>\n<td align=\"center\" bgcolor=\"#FFCC99\">&#8211;<\/td>\n<td align=\"center\" bgcolor=\"#FFCC99\"><\/td>\n<td align=\"center\" bgcolor=\"#FFCC99\"><a href=\"http:\/\/corsi.unica.it\/architettura\/2015\/03\/23\/lectio-magistralis-architectural-athmospheres-of-the-north-27-marzo-2015\/\" target=\"_blank\">link<\/a><\/td>\n<td align=\"center\" bgcolor=\"#FFCC99\">Palazzo Cugia, via Santa Croce 67, Aula Architettura<\/td>\n<td align=\"center\" bgcolor=\"#FFCC99\">ore 17:30<\/td>\n<\/tr>\n<tr>\n<td align=\"center\" bgcolor=\"#FFCC99\">Marzo, Aprile e Maggio 2015<\/td>\n<td align=\"center\" bgcolor=\"#FFCC99\">Prof.ssa Beatrix Haselsberger<\/td>\n<td align=\"center\" bgcolor=\"#FFCC99\">Pianificazione del territorio urbano in teoria e pratica<\/td>\n<td align=\"center\" bgcolor=\"#FFCC99\">150 ore<\/td>\n<td align=\"center\" bgcolor=\"#FFCC99\"><\/td>\n<td align=\"center\" bgcolor=\"#FFCC99\"><a href=\"http:\/\/dottica.unica.it\/wp-content\/uploads\/document\/allegati_corsi\/Workshop_Program_Haselsberger.pdf\" target=\"_blank\">link<\/a><\/td>\n<td align=\"center\" bgcolor=\"#FFCC99\">Aula grande al piano-terra (ex-DIGITA)<\/td>\n<td align=\"center\" bgcolor=\"#FFCC99\">luned\u00ec dalle 18 alle 20 e gioved\u00ec dalle 16 alle 20<\/td>\n<\/tr>\n<tr>\n<td align=\"center\" bgcolor=\"#FFCC99\">20 maggio 2015<\/td>\n<td align=\"center\" bgcolor=\"#FFCC99\">Virginia Jewiss (Yale University)<\/td>\n<td align=\"center\" bgcolor=\"#FFCC99\">Leggere una citt\u00e0<\/td>\n<td align=\"center\" bgcolor=\"#FFCC99\">&#8211;<\/td>\n<td align=\"center\" bgcolor=\"#FFCC99\">&#8211;<\/td>\n<td align=\"center\" bgcolor=\"#FFCC99\"><\/td>\n<td align=\"center\" bgcolor=\"#FFCC99\">Aula 15<\/td>\n<td align=\"center\" bgcolor=\"#FFCC99\">Ore 11 &#8211; 13<\/td>\n<\/tr>\n<tr>\n<td align=\"center\" bgcolor=\"#FFCC99\">21, 22, 28, 29 maggio 2015<\/td>\n<td align=\"center\" bgcolor=\"#FFCC99\">Prof. Andrea De Montis<\/td>\n<td align=\"center\" bgcolor=\"#FFCC99\">Aspetti teorici e applicativi della Valutazione Ambientale Strategica e la pianificazione paesaggistica nell\u2019era della Convenzione Europea del Paesaggio<\/td>\n<td align=\"center\" bgcolor=\"#FFCC99\">12 ore<\/td>\n<td align=\"center\" bgcolor=\"#FFCC99\">2<\/td>\n<td align=\"center\" bgcolor=\"#FFCC99\"><\/td>\n<td align=\"center\" bgcolor=\"#FFCC99\">Aula Rossa (ex sezione Urbanistica)<\/td>\n<td align=\"center\" bgcolor=\"#FFCC99\">21 e 28 maggio 2015 (9-12), 22 e 29 maggio 2015 (16-19)Per motivi organizzativi, si prega di confermare la presenza iscrivendosi a questo\u00a0<a href=\"https:\/\/docs.google.com\/forms\/d\/1D1HSlr0Kn4nAppukOhrfc6zpdzlD2_S_8iFdorBZUM8\/viewform?c=0&amp;w=1&amp;usp=mail_form_link\" target=\"_blank\">link<\/a>.<\/td>\n<\/tr>\n<tr>\n<td align=\"center\" bgcolor=\"#FFCC99\">30 Giugno 2015<\/td>\n<td align=\"center\" bgcolor=\"#FFCC99\">\u00a0Proff. A. Demontis, M. Campagna, I. Meloni, K. GeursIng. B. Sanjust<\/td>\n<td align=\"center\" bgcolor=\"#FFCC99\">International Workshop Digital technologies in transport and spatial planning<\/td>\n<td align=\"center\" bgcolor=\"#FFCC99\"><\/td>\n<td align=\"center\" bgcolor=\"#FFCC99\"><\/td>\n<td align=\"center\" bgcolor=\"#FFCC99\">\u00a0<a href=\"http:\/\/dottica.unica.it\/wp-content\/uploads\/document\/allegati_corsi\/2015\/DTTSP Int Workshop.pdf\" target=\"_blank\">link<\/a><\/td>\n<td align=\"center\" bgcolor=\"#FFCC99\">Aula Rossa DICAAR<\/td>\n<td align=\"center\" bgcolor=\"#FFCC99\"><\/td>\n<\/tr>\n<tr>\n<td align=\"center\" bgcolor=\"#FFCC99\">\u00a07, 8, 9, 13 Luglio 2015<\/td>\n<td align=\"center\" bgcolor=\"#FFCC99\">Prof. R\u00e9mi Papillault<\/td>\n<td align=\"center\" bgcolor=\"#FFCC99\">M\u00e9thode de recherche en sciences sociales : les acquis fran\u00e7ais dans le transfert vers l\u2019architecture;<br \/>\nLes temporalit\u00e9s de la ville autour de l\u2019\u00e9tude de cas du\u00a0Mirail;<br \/>\nL\u2019architecture du ventil\u00e9 versus le climatis\u00e9 \u00e0 Chandigarh;<br \/>\nIncontro con studenti del dottorato di ricerca.<\/td>\n<td align=\"center\" bgcolor=\"#FFCC99\">12 ore di lezioni e \u00a08-10 ore di incontro-seminario<\/td>\n<td align=\"center\" bgcolor=\"#FFCC99\">2<\/td>\n<td align=\"center\" bgcolor=\"#FFCC99\"><a href=\"http:\/\/dottica.unica.it\/wp-content\/uploads\/document\/allegati_corsi\/2015\/R\u00e9mi_PAPILLAULT - ridotta.pdf\" target=\"_blank\">link<\/a><\/td>\n<td align=\"center\" bgcolor=\"#FFCC99\">ex aula presidenza di palazzo Cugia<\/td>\n<td align=\"center\" bgcolor=\"#FFCC99\">le lezioni si terranno dalle ore 10:00 mentre l\u2019incontro del 13 avr\u00e0 inizio alle ore 10:00 e proseguir\u00e0 per tutto il giorno anche nel pomeriggio<\/td>\n<\/tr>\n<tr>\n<td align=\"center\" bgcolor=\"#FFCC99\">\u00a013-14 Luglio 2015<\/td>\n<td align=\"center\" bgcolor=\"#FFCC99\">Prof.ssa Paola Zuddas<\/td>\n<td align=\"center\" bgcolor=\"#FFCC99\">Seminario propedeutico al corso &#8220;Stochastic optimization with applications to network planning under uncertainty&#8221;<\/td>\n<td align=\"center\" bgcolor=\"#FFCC99\">4 ore<\/td>\n<td align=\"center\" bgcolor=\"#FFCC99\">1<\/td>\n<td align=\"center\" bgcolor=\"#FFCC99\"><\/td>\n<td align=\"center\" bgcolor=\"#FFCC99\">Aula A \u2013 Sezione Idraulica DICAAR &#8211; Facolt\u00e0 di Ingegneria<\/td>\n<td align=\"center\" bgcolor=\"#FFCC99\">ore 11.00 \u2013 13.00<\/td>\n<\/tr>\n<tr>\n<td align=\"center\" bgcolor=\"#FFCC99\">\u00a015, 16, 17 Luglio 2015<\/td>\n<td align=\"center\" bgcolor=\"#FFCC99\">\u00a0Prof Alexei Gaivoronski<\/td>\n<td align=\"center\" bgcolor=\"#FFCC99\">Stochastic optimization with applications to network planning under uncertainty<\/td>\n<td align=\"center\" bgcolor=\"#FFCC99\">9 ore<\/td>\n<td align=\"center\" bgcolor=\"#FFCC99\">\u00a02<\/td>\n<td align=\"center\" bgcolor=\"#FFCC99\"><\/td>\n<td align=\"center\" bgcolor=\"#FFCC99\">Aula A \u2013 Sezione Idraulica DICAAR &#8211; Facolt\u00e0 di Ingegneria<\/td>\n<td align=\"center\" bgcolor=\"#FFCC99\">ore 16.00 \u2013 19.00<\/td>\n<\/tr>\n<tr>\n<td align=\"center\" bgcolor=\"#FFCC99\">27\u201331 Luglio, 2015<\/td>\n<td align=\"center\" bgcolor=\"#FFCC99\">\u00a0Prof. Claudio Paniconi<\/td>\n<td align=\"center\" bgcolor=\"#FFCC99\">Short Course on Fundamental and Advanced Topics in Hydrogeology and Hydrological Simulation<\/td>\n<td align=\"center\" bgcolor=\"#FFCC99\">32 ore<\/td>\n<td align=\"center\" bgcolor=\"#FFCC99\">\u00a08<\/td>\n<td align=\"center\" bgcolor=\"#FFCC99\"><a href=\"http:\/\/www.unica.it\/rdeidda\/indexEvents.htm\" target=\"_blank\">link<\/a><\/td>\n<td align=\"center\" bgcolor=\"#FFCC99\"><\/td>\n<td align=\"center\" bgcolor=\"#FFCC99\">4 h lectures in the morning, 3 h lecture + code demos in the afternoon, course ends Fri morning<\/td>\n<\/tr>\n<tr>\n<td align=\"center\" bgcolor=\"#FFCC99\">14-20 Settembre 2015<\/td>\n<td align=\"center\" bgcolor=\"#FFCC99\">Prof. Massimiliano Grosso<\/td>\n<td align=\"center\" bgcolor=\"#FFCC99\">Metodi Statistici per l\u2019analisi dei dati<\/td>\n<td align=\"center\" bgcolor=\"#FFCC99\">\u00a020 ore<\/td>\n<td align=\"center\" bgcolor=\"#FFCC99\">4<\/td>\n<td align=\"center\" bgcolor=\"#FFCC99\"><\/td>\n<td align=\"center\" bgcolor=\"#FFCC99\">\u00a0Aula Mura<\/td>\n<td align=\"center\" bgcolor=\"#FFCC99\">ore 15-19<\/td>\n<\/tr>\n<tr>\n<td align=\"center\" bgcolor=\"#FFCC99\">3-12 Settembre 2015<\/td>\n<td align=\"center\" bgcolor=\"#FFCC99\"><\/td>\n<td align=\"center\" bgcolor=\"#FFCC99\">4\u00b0 scuola internazionale estiva di Architettura:Sardegna, il territorio dei luoghi, paesaggi rurali, architettura, agricoltura, identit\u00e0<\/td>\n<td align=\"center\" bgcolor=\"#FFCC99\"><\/td>\n<td align=\"center\" bgcolor=\"#FFCC99\">6<\/td>\n<td align=\"center\" bgcolor=\"#FFCC99\"><a href=\"http:\/\/dottica.unica.it\/wp-content\/uploads\/document\/allegati_corsi\/2015\/locandina scuola estiva 2015.pdf\" target=\"_blank\">link<\/a><\/td>\n<td align=\"center\" bgcolor=\"#FFCC99\"><\/td>\n<td align=\"center\" bgcolor=\"#FFCC99\">Alghero<\/td>\n<\/tr>\n<tr>\n<td align=\"center\" bgcolor=\"#FFCC99\">15-16 Ottobre 2015<\/td>\n<td align=\"center\" bgcolor=\"#FFCC99\">Prof. Amilcare Porporato<br \/>\nDepartment of civil and environmental engineering<br \/>\nDuke University<\/td>\n<td align=\"center\" bgcolor=\"#FFCC99\">Short course in<br \/>\nECOHYDROLOGY AND SUSTAINABILITY<\/td>\n<td align=\"center\" bgcolor=\"#FFCC99\">\u00a08 ore<\/td>\n<td align=\"center\" bgcolor=\"#FFCC99\">2<\/td>\n<td align=\"center\" bgcolor=\"#FFCC99\"><a href=\"http:\/\/dottica.unica.it\/wp-content\/uploads\/document\/allegati_corsi\/2015\/porporato_visiting_professor.pdf\" target=\"_blank\">link<\/a><\/td>\n<td align=\"center\" bgcolor=\"#FFCC99\">Aula A \u2013 Sezione Idraulica DICAAR \u2013 Facolt\u00e0 di Ingegneria<\/td>\n<td align=\"center\" bgcolor=\"#FFCC99\">Ore 9:00 &#8211; 13:00<\/td>\n<\/tr>\n<tr>\n<td align=\"center\" bgcolor=\"#FFCC99\">Autunno 2015<\/td>\n<td align=\"center\" bgcolor=\"#FFCC99\">Prof. Alessandro Fonti<\/td>\n<td align=\"center\" bgcolor=\"#FFCC99\">Lezione 1. Oskar Schlemmer: l\u0092&#8217;evento teatrale come \u0093opera d&#8217;\u0092arte totale\u0094;<br \/>\nLezione 2. Il \u0093Primitivismo\u0094 di Christian Zervos e Le Corbusier.<\/td>\n<td align=\"center\" bgcolor=\"#FFCC99\">8 ore<\/td>\n<td align=\"center\" bgcolor=\"#FFCC99\"><\/td>\n<td align=\"center\" bgcolor=\"#FFCC99\"><a href=\"http:\/\/dottica.unica.it\/wp-content\/uploads\/document\/allegati_corsi\/2015\/Locandina_Corso_Fonti.pdf\" target=\"_blank\">link<\/a><\/td>\n<td align=\"center\" bgcolor=\"#FFCC99\"><\/td>\n<td align=\"center\" bgcolor=\"#FFCC99\">Date da definire<\/td>\n<\/tr>\n<tr>\n<td align=\"center\" bgcolor=\"#FFCC99\">23-24-25-26-27 novembre 2015<\/td>\n<td align=\"center\" bgcolor=\"#FFCC99\"><\/td>\n<td align=\"center\" bgcolor=\"#FFCC99\">Finanziare, Trasferire e Comunicare la Ricerca.<\/td>\n<td align=\"center\" bgcolor=\"#FFCC99\">35,5 ore<\/td>\n<td align=\"center\" bgcolor=\"#FFCC99\">6<\/td>\n<td align=\"center\" bgcolor=\"#FFCC99\"><a href=\"http:\/\/innovare.unica.it\/eventi\/#1447763254035-e06db372-c4c2\" target=\"_blank\">link<\/a><\/td>\n<td align=\"center\" bgcolor=\"#FFCC99\">Teatro Anatomico, via Ospedale 121, Cagliari<br \/>\nAula Informatica LIDIA, Facolt\u00e0 di Ingegneria ed Architettura, via Is Maglias 196, Cagliari<br \/>\nAula Turing, Facolt\u00e0 di Studi Umanistici, Loc. &#8220;Sa Duchessa&#8221;, via Is Mirrionis 1, Cagliari<\/td>\n<td align=\"center\" bgcolor=\"#FFCC99\"><\/td>\n<\/tr>\n<tr>\n<td align=\"center\" bgcolor=\"#FFCC99\">7 dicembre<br \/>\ndalle ore 10.00 alle ore 12.30<\/td>\n<td align=\"center\" bgcolor=\"#FFCC99\">Gianni Fenu e Pier Luigi Pau (Dipartimento di Matematica e Informatica),<br \/>\nIgnazio Cannas, Maddalena Floris, Sabrina Lai, Federica Leone, Daniela Ruggeri,Corrado Zoppi (Dipartimento di Ingegneria Civile, Ambientale e Architettura)<\/td>\n<td align=\"center\" bgcolor=\"#FFCC99\">Seminario:<br \/>\n&#8220;Rete Natura 2000, Servizi ecosistemici e reti complesse&#8221;<\/td>\n<td align=\"center\" bgcolor=\"#FFCC99\">2.5 ore<\/td>\n<td align=\"center\" bgcolor=\"#FFCC99\"><\/td>\n<td align=\"center\" bgcolor=\"#FFCC99\"><a href=\"http:\/\/dottica.unica.it\/wp-content\/uploads\/document\/allegati_corsi\/2016\/Rete%20Natura%202000,%20Servizi%20ecosistemici%20e%20reti%20complesse.pdf\" target=\"_blank\">link<\/a><\/td>\n<td align=\"center\" bgcolor=\"#FFCC99\">Aula grande al piano-terra dell&#8217;ex<br \/>\nDIGITA della Facolt\u00e0 di Ingegneria ed Architettura<\/td>\n<td align=\"center\" bgcolor=\"#FFCC99\"><\/td>\n<\/tr>\n<\/tbody>\n<\/table>\n<p>&nbsp;<\/p>\n<p><i>Corsi organizzati dall&#8217;Ateneo<\/i><\/p>\n<ul>\n<li>\n<p align=\"LEFT\">Corsi di Inglese di diverso livello per i dottorandi di XXIX e XXX ciclo.<\/p>\n<\/li>\n<li>\n<p align=\"LEFT\">\u201cMicro-corso di progettazione europea\u201d riservato ai Dottorandi del XXIX Ciclo. 15, 22 e 29 Gennaio e 5 e 19 Febbraio 2015 dalle 17:30 alle 20:00.<\/p>\n<\/li>\n<li>\n<p align=\"LEFT\">Corsi su gestione della ricerca, della conoscenza dei sistemi di ricerca e dei sistemi di finanziamento, della valorizzazione della ricerca e della propriet\u00e0 intellettuale saranno organizzati dall&#8217;Ateneo. Da definire.<\/p>\n<\/li>\n<\/ul>\n<p><em>Altri corsi:<\/em><\/p>\n<p style=\"text-align: left\" align=\"CENTER\">Corsi di Matematica e Statistica<br \/>\n<a href=\"http:\/\/dottorati.unica.it\/matematicaeinformatica\/teaching\/courses\/phd-courses-2015\/\" target=\"_blank\">http:\/\/dottorati.unica.it\/matematicaeinformatica\/teaching\/courses\/phd-courses-2015\/<\/a><\/p>\n<div align=\"center\">\n<p>&nbsp;<\/p>\n<p>&nbsp;<\/p>\n<\/div>\n","protected":false},"excerpt":{"rendered":"<p>Corsi obbligatori Data Docente\/i Titolo Durata CFU Link web e materiale Aula Note 11, 16, 21, 22\u00a0Settembre 2015 Prof. Michele Campagna GIS Science 20 ore 4 &#8211; &#8211; orario da definire\u00a0 (probabilmente 9-14) &nbsp; Corsi e seminari a scelta Data Docente\/i Titolo Durata CFU Link web e materiale Aula Note 19-26 Gennaio 2015 Prof. Corrado <a href='https:\/\/dottorati.unica.it\/dotticar\/didattica\/corsi-e-seminari-2015\/' class='excerpt-more'>[&#8230;]<\/a><\/p>\n","protected":false},"author":2410,"featured_media":0,"parent":49,"menu_order":0,"comment_status":"closed","ping_status":"closed","template":"","meta":{"footnotes":""},"class_list":["post-58","page","type-page","status-publish","hentry","post-seq-1","post-parity-odd","meta-position-corners","fix"],"_links":{"self":[{"href":"https:\/\/dottorati.unica.it\/dotticar\/wp-json\/wp\/v2\/pages\/58","targetHints":{"allow":["GET"]}}],"collection":[{"href":"https:\/\/dottorati.unica.it\/dotticar\/wp-json\/wp\/v2\/pages"}],"about":[{"href":"https:\/\/dottorati.unica.it\/dotticar\/wp-json\/wp\/v2\/types\/page"}],"author":[{"embeddable":true,"href":"https:\/\/dottorati.unica.it\/dotticar\/wp-json\/wp\/v2\/users\/2410"}],"replies":[{"embeddable":true,"href":"https:\/\/dottorati.unica.it\/dotticar\/wp-json\/wp\/v2\/comments?post=58"}],"version-history":[{"count":2,"href":"https:\/\/dottorati.unica.it\/dotticar\/wp-json\/wp\/v2\/pages\/58\/revisions"}],"predecessor-version":[{"id":60,"href":"https:\/\/dottorati.unica.it\/dotticar\/wp-json\/wp\/v2\/pages\/58\/revisions\/60"}],"up":[{"embeddable":true,"href":"https:\/\/dottorati.unica.it\/dotticar\/wp-json\/wp\/v2\/pages\/49"}],"wp:attachment":[{"href":"https:\/\/dottorati.unica.it\/dotticar\/wp-json\/wp\/v2\/media?parent=58"}],"curies":[{"name":"wp","href":"https:\/\/api.w.org\/{rel}","templated":true}]}}